inder when 37 is divided by p.
7
Let f(l) = 16*l + 10. Let x(q) = q + 1. Let o(u) = -f(u) + 5*x(u). Calculate the remainder when 67 is divided by o(-2).
16
Let z(s) be the third derivative of -s**5/60 + s**4/3 + s**3/2 - s**2. Calculate the remainder when z(6) is divided by 8.
7
Let g = 10 + -5. Let k(y) = 2*y - 17. What is the remainder when k(14) is divided by g?
1
Suppose 12 = 4*p, 2*p + 0*p + 10 = 4*l. Suppose -3*g + 8*g + o = 98, l*o = -4*g + 72. Let k = 546 - 487. What is the remainder when k is divided by g?
19
Suppose 2*l + 3*m = -2*l + 4, 2*l - 2 = -3*m. Let f = 2 - l. Suppose o + f = 8. What is the remainder when o is divided by 3?
1
Let w(y) = 2*y**2 + 14*y + 17. Calculate the remainder when w(-7) is divided by 6.
5
What is the remainder when 35 is divided by 572/65 - (-1)/5?
8
Let h(x) = -2*x + 4. Let s be h(0). Calculate the remainder when 6 is divided by (s/6)/((-20)/(-90)).
0
What is the remainder when 28 is divided by (6 - 3/1) + 5?
4
Let t(a) = 2*a + 6. Let g be t(10). Suppose 3*z = z + g. Calculate the remainder when z is divided by 5*2*(-2)/(-4).
3
Let d be 1/(2 + 10/(-4)). Calculate the remainder when 41 is divided by ((-22)/6)/(d/6).
8
Suppose 6*b - 38 = 34. What is the remainder when 16 is divided by b?
4
Let f = -67 - -6. Let i = 87 + f. Calculate the remainder when i is divided by 14.
12
Let y = 9 + -9. Suppose 5*i - 2*d - 210 = y, 2*i + 4*d - 83 = 5*d. What is the remainder when i is divided by 23?
21
Let n be (-1 - 1)*-1*1. Suppose -n*v + 34 = -0*v. Calculate the remainder when v is divided by 9.
8
Let s(x) be the third derivative of 5*x**4/24 - x**3/6 - x**2. Let g = 6 + 1. Calculate the remainder when g is divided by s(1).
3
Suppose 2*m - n = 13, -3*m - 4*n - 12 = -m. Suppose -m*s = s - 20. Calculate the remainder when s is divided by 3.
1
What is the remainder when 72 is divided by (-2)/5 - (-127)/5?
22
Suppose 2*z + i - 7 = 0, 0 = 2*z - 6*i + 2*i - 22. Suppose -3*c = t - 17, -z*t + 4*c = 9 + 1. Calculate the remainder when 7 is divided by t.
1
Let c be (-141)/(-45) + 4/(-30). Suppose -3*o = c*m - 2*o, -m = o + 2. What is the remainder when 3 is divided by m?
0
Suppose 0 = 5*j - 7*j + 114. Calculate the remainder when j is divided by 30.
27
Suppose 0 = q, -5*b = -b + 5*q - 36. Calculate the remainder when 17 is divided by b.
8
Let z = 9 + -7. What is the remainder when 9 is divided by z?
1
Let c(y) = 5*y. What is the remainder when c(5) is divided by (2 - 1)/(-1) + 2 - -8?
7
Let q = 88 + -47. Calculate the remainder when q is divided by 22.
19
Suppose -4*q = -q - 369. Calculate the remainder when q is divided by 14.
11
Let j(r) = 17*r**2 - 3*r + 1. Calculate the remainder when 44 is divided by j(1).
14
What is the remainder when 104/(-6)*(-24)/16 is divided by 6?
2
Suppose -r - 8 + 19 = 0. Calculate the remainder when r is divided by 6.
5
Suppose 4*h - 32 - 41 = -5*k, -3 = k. Suppose 0 = 6*f - 49 + 1. Calculate the remainder when h is divided by f.
6
Let j = 171 - 101. What is the remainder when j is divided by 19?
13
Let p = -26 + 38. What is the remainder when p is divided by 4 + (3 - 4)*-1?
2
Let z(y) = 3*y + 19. Calculate the remainder when z(11) is divided by 18.
16
Let g be 12/(-8) + (-26)/(-4). Suppose -b = -0*b - g. Suppose -25 = -b*v - 3*m, -8 = -3*v - m + 11. What is the remainder when 15 is divided by v?
7
Let h be 380/12 + (-2)/(-6). Let n = 61 - h. Let r = 36 - 26. Calculate the remainder when n is divided by r.
9
Let l = -8 + 17. What is the remainder when 31 is divided by l?
4
Suppose a = -3*a + 16. Suppose -4*l - 16 = a. Let u = l + 15. Calculate the remainder when u is divided by 6.
4
Suppose -6 - 2 = -2*m. Suppose i - 12 = -m*t + 25, 5*t - 59 = 3*i. Calculate the remainder when 19 is divided by t.
9
Let c(y) = -8*y - 20. What is the remainder when 17 is divided by c(-3)?
1
Suppose -5 = -2*g + 9. What is the remainder when 12 is divided by g?
5
Suppose -3*j + 347 + 106 = 0. What is the remainder when j is divided by 22?
19
Let b = 5 - 3. Suppose 2 = 3*p + 2*g, -4*p = -g + 4 - 3. Suppose b*l - 86 = -p*l. Calculate the remainder when l is divided by 15.
13
Let s(o) = 9*o + 1. Let v be s(1). Let f = 7 + v. What is the remainder when f is divided by 6?
5
Suppose -5*d = -2*d - 51. Suppose -7 - 74 = -9*r. Calculate the remainder when d is divided by r.
8
Suppose -4*p = t - 32, -7*t = -5*p - 2*t + 15. Calculate the remainder when p is divided by 1 + 0 - (1 - 5).
2
Let b = 6 - -48. What is the remainder when b is divided by 12/9*(-42)/(-4)?
12
Suppose -13 = -2*k + 15. What is the remainder when 54 is divided by k?
12
Suppose 32 = s - 15. What is the remainder when s is divided by 12?
11
Suppose -2 - 8 = -5*f. Suppose f*l - 17 - 19 = 0. What is the remainder when l is divided by 7?
4
Let f(r) = 3*r**3 - 4*r**2 + r - 2. Calculate the remainder when f(3) is divided by 12.
10
Let r(n) = -2*n + 4. Let c be r(6). Let j = 11 + c. Suppose -j*q + 56 = q. What is the remainder when q is divided by 5?
4
Let x be -15*(1/3 - 1). Suppose 72 = -5*d + d. Let y = x - d. Calculate the remainder when y is divided by 10.
8
Let t(q) = -4*q + 8. Let j be t(-11). Suppose i = -3*i + j. Calculate the remainder when 24 is divided by i.
11
Suppose 4*k - 166 = 114. Calculate the remainder when k is divided by 18.
16
Suppose d - 12 = 3. Suppose 3*s - c - 37 = 0, -s - 3*c = -c - 17. Suppose -s = -5*x + 32. Calculate the remainder when d is divided by x.
6
Let a(s) = -s - 2. What is the remainder when a(-9) is divided by (3/(-6))/(1/(-8))?
3
Suppose q - 2*i = i - 109, 3*i - 497 = 5*q. What is the remainder when -4*1/(-2) - q is divided by 25?
24
Suppose z = 4 + 6. What is the remainder when 26 is divided by z?
6
Let r(y) = -y**2 + 2 + 2*y**2 - 9*y - 2*y**2 - 8. Calculate the remainder when 4 is divided by r(-8).
0
Suppose 0 = 3*q + 22 - 4. Let u be (-862)/q - 4/6. Suppose -4*y + u + 53 = 0. What is the remainder when y is divided by 17?
15
Let h = 59 + -21. Suppose 9*u - 6*u = 90. Suppose 3*q + 0*q - u = 0. Calculate the remainder when h is divided by q.
8
Let u(g) = 2*g**2 - 6. What is the remainder when u(-8) is divided by 31?
29
Suppose -7*y = -2*y - 30. Let q = y + -4. What is the remainder when 5 is divided by q?
1
Calculate the remainder when (-2 + 55/3)*3 is divided by 17.
15
What is the remainder when 47 is divided by (32/(-6))/(3/(-9))?
15
Let l be (30/24)/((-1)/4). Calculate the remainder when 26 is divided by (56/20)/((-1)/l).
12
Suppose -4*b + 3 + 1 = 0. Let u be (b - 0) + (1 - 0). Suppose -u*o = o - 165. Calculate the remainder when o is divided by 19.
17
Let m(j) = 4*j - 8. Suppose 2*o - 3*o = -25. Calculate the remainder when m(6) is divided by 6/9 + o/3.
7
Suppose -3*v - 4*s + 38 = -v, -20 = 5*s. What is the remainder when v is divided by (21/(-2))/((-3)/4)?
13
Suppose -4*i + 42 = 2*n, 3*i - 2*i - 8 = 2*n. Calculate the remainder when (-1)/2*(2 - i) is divided by 7 + -2 - (0 + 2).
1
Suppose -5*j - 3*k + 214 = -0*j, 2*k = -4. Let i = 37 - 22. Calculate the remainder when j is divided by i.
14
Let r = -310 - -571. Suppose 0 = 4*z - 7*z + r. Calculate the remainder when z is divided by 22.
21
Let f = -38 + 73. Calculate the remainder when f is divided by 9.
8
Let l(a) = a**3 + 3*a**2 + a + 1. Calculate the remainder when l(-2) is divided by (-36)/(-30) - 4/20.
0
Let c(j) = -2*j + 1. Let n be c(1). Let a = n - -5. Calculate the remainder when 5 is divided by a.
1
Suppose 0 = -4*t + 18 + 46. Calculate the remainder when 31 is divided by t.
15
Let m(b) = 3*b**2 - 2*b - 2. What is the remainder when m(-2) is divided by (-66)/(-15) + 2/(-5)?
2
Let y be -24 + -2 + (-2 - -5). Let l = y + 69. Let a(o) = 2*o + 6. Calculate the remainder when l is divided by a(5).
14
Suppose 5*g - 21 = 4*x - 7*x, 0 = -3*x + 3*g - 3. Calculate the remainder when 6 is divided by x.
0
Let f(k) = 23*k**3 + 4*k**2 - k - 1. Calculate the remainder when f(1) is divided by 11.
3
Let h(t) = -t + 3. Suppose 4*z + u = 9, 5*z - 3*u = 6*z + 6. Suppose -3 = z*f - 12. Calculate the remainder when f is divided by h(1).
1
Suppose -14*f + 112 = -7*f. Calculate the remainder when 95 is divided by f.
15
Let k = 9 + 2. What is the remainder when 36/2 + (4 - 2) is divided by k?
9
Suppose -4*s + 121 + 115 = 0. Let a be s - (0 - -3)/3. Suppose -4*g - 4*i = -i - 66, -a 